3
What is the ten thousands digit of 1142480?
4
What is the hundreds digit of 4629?
6
What is the thousands digit of 2587684?
7
What is the thousands digit of 11501343?
1
What is the ten thousands digit of 2167837?
6
What is the hundred thousands digit of 4493280?
4
What is the thousands digit of 629845?
9
What is the tens digit of 202250?
5
What is the ten thousands digit of 1923828?
2
What is the tens digit of 20367257?
5
What is the tens digit of 6572632?
3
What is the ten thousands digit of 16662361?
6
What is the ten thousands digit of 251489?
5
What is the millions digit of 5197022?
5
What is the units digit of 1248996?
6
What is the tens digit of 525136?
3
What is the hundred thousands digit of 13829158?
8
What is the ten thousands digit of 5848250?
4
What is the hundred thousands digit of 18418927?
4
What is the thousands digit of 25597288?
7
What is the thousands digit of 181916?
1
What is the millions digit of 4235471?
4
What is the hundred thousands digit of 2817524?
8
What is the hundreds digit of 1105113?
1
What is the units digit of 13884805?
5
What is the units digit of 939632?
2
What is the thousands digit of 955951?
5
What is the ten thousands digit of 82695?
8
What is the hundred thousands digit of 1440403?
4
What is the ten thousands digit of 5174731?
7
What is the ten thousands digit of 250442?
5
What is the units digit of 2076967?
7
What is the hundreds digit of 61563?
5
What is the hundred thousands digit of 341153?
3
What is the thousands digit of 211035?
1
What is the hundred thousands digit of 1739932?
7
What is the hundred thousands digit of 4071539?
0
What is the hundreds digit of 4379892?
8
What is the ten thousands digit of 1348014?
4
What is the millions digit of 7565664?
7
What is the hundreds digit of 635371?
3
What is the ten thousands digit of 157937?
5
What is the ten thousands digit of 10753969?
5
What is the hundreds digit of 651110?
1
What is the tens digit of 299790?
9
What is the hundreds digit of 1023311?
3
What is the thousands digit of 195798?
5
What is the units digit of 618061?
1
What is the thousands digit of 1222194?
2
What is the tens digit of 173224?
2
What is the hundred thousands digit of 4662913?
6
What is the tens digit of 12534898?
9
What is the millions digit of 6393086?
6
What is the tens digit of 7556042?
4
What is the tens digit of 77461?
6
What is the units digit of 11117790?
0
What is the tens digit of 587382?
8
What is the ten thousands digit of 550044?
5
What is the ten thousands digit of 4040541?
4
What is the millions digit of 3121581?
3
What is the ten thousands digit of 3613856?
1
What is the hundreds digit of 429888?
8
What is the hundred thousands digit of 8969919?
9
What is the hundred thousands digit of 17504883?
5
What is the hundreds digit of 844016?
0
What is the tens digit of 1692343?
4
What is the hundred thousands digit of 4334274?
3
What is the hundreds digit of 656552?
5
What is the thousands digit of 376381?
6
What is the hundred thousands digit of 8752032?
7
What is the hundreds digit of 13958052?
0
What is the millions digit of 5148486?
5
What is the ten thousands digit of 15164898?
6
What is the hundred thousands digit of 452752?
4
What is the hundred thousands digit of 1445676?
4
What is the ten thousands digit of 542115?
4
What is the units digit of 907754?
4
What is the units digit of 385694?
4
What is the hundred thousands digit of 7865568?
8
What is the units digit of 5616389?
9
What is the hundred thousands digit of 239026?
2
What is the hundreds digit of 140839?
8
What is the tens digit of 17642152?
5
What is the hundred thousands digit of 475746?
4
What is the hundreds digit of 9420161?
1
What is the hundreds digit of 1138017?
0
What is the ten thousands digit of 10445450?
4
What is the hundreds digit of 596009?
0
What is the ten thousands digit of 5239382?
3
What is the tens digit of 14007?
0
What is the units digit of 83398?
8
What is the hundreds digit of 191626?
6
What is the hundreds digit of 504052?
0
What is the millions digit of 19098247?
9
What is the thousands digit of 3627051?
7
What is the tens digit of 3860049?
4
What is the hundred thousands digit of 808646?
8
What is the hundreds digit of 9060257?
2
What is the millions digit of 1142490?
1
What is the thousands digit of 1044861?
4
What is the tens digit of 1393900?
0
What is the tens digit of 328181?
8
What is the units digit of 1824744?
4
What is the units digit of 5607743?
3
What is the thousands digit of 190985?
0
What is the tens digit of 5874892?
9
What is the millions digit of 1261593?
1
What is the units digit of 2519358?
8
What is the millions digit of 1006341?
1
What is the tens digit of 4286161?
6
What is the tens digit of 278671?
7
What is the thousands digit of 8849033?
9
What is the thousands digit of 2132277?
2
What is the units digit of 285408?
8
What is the tens digit of 3171335?
3
What is the units digit of 710615?
5
What is the hundred thousands digit of 1294150?
2
What is the hundreds digit of 83073?
0
What is the hundreds digit of 36808?
8
What is the units digit of 460337?
7
What is the ten thousands digit of 444964?
4
What is the millions digit of 3888493?
3
What is the tens digit of 4695348?
4
What is the units digit of 6766705?
5
What is the hundred thousands digit of 287376?
2
What is the units digit of 196267?
7
What is the tens digit of 3880464?
6
What is the thousands digit of 58249?
8
What is the tens digit of 97220?
2
What is the thousands digit of 782983?
2
What is the hundred thousands digit of 283905?
2
What is the thousands digit of 116498?
6
What is the units digit of 209902?
2
What is the hundreds digit of 94037?
0
What is the thousands digit of 291181?
1
What is the ten thousands digit of 30457505?
5
What is the ten thousands digit of 1260285?
6
What is the units digit of 11170680?
0
What is the thousands digit of 264933?
4
What is the thousands digit of 1051031?
1
What is the tens digit of 3930367?
6
What is the ten thousands digit of 844803?
4
What is the tens digit of 5603697?
9
What is the thousands digit of 16521692?
1
What is the hundred thousands digit of 3651596?
6
What is the hundreds digit of 231510?
5
What is the hundreds digit of 2004980?
9
What is the units digit of 668372?
2
What is the thousands digit of 3336139?
6
What is the hundred thousands digit of 13807964?
8
What is the thousands digit of 20271289?
1
What is the hundreds digit of 22136?
1
What is the tens digit of 1083305?
0
What is the tens digit of 298669?
6
What is the ten thousands digit of 221986?
2
What is the ten thousands digit of 6366623?
6
What is the units digit of 101368?
8
What is the ten thousands digit of 9307226?
0
What is the hundreds digit of 1843206?
2
What is the tens digit of 5570144?
4
What is the hundreds digit of 6870991?
9
What is the units digit of 344753?
3
What is the ten thousands digit of 3339896?
3
What is the ten thousands digit of 5082532?
8
What is the tens digit of 2649106?
0
What is the hundreds digit of 122153?
1
What is the hundred thousands digit of 471190?
4
What is the hundred thousands digit of 896412?
8
What is the units digit of 58236?
6
What is the ten thousands digit of 1321325?
2
What is the tens digit of 164364?
6
What is the thousands digit of 2666139?
6
What is the ten thousands digit of 890276?
9
What is the hundred thousands digit of 481023?
4
What is the thousands digit of 1446046?
6
What is the units digit of 31467?
7
What is the thousands digit of 213671?
3
What is the hundreds digit of 161350?
3
What is the hundreds digit of 1261592?
5
What is the hundreds digit of 37134352?
3
What is the units digit of 3360885?
5
What is the hundreds digit of 534711?
7
What is the hundreds digit of 4024121?
1
What is the ten thousands digit of 26729833?
2
What is the tens digit of 10045168?
6
What is the tens digit of 931033?
3
What is the tens digit of 94005?
0
What is the ten thousands digit of 13611344?
1
What is the tens digit of 105462?
6
What is the hundreds digit of 241538?
5
What is the hundreds digit of 1330189?
1
What is the ten thousands digit of 276980?
7
What is the ten thousands digit of 5449574?
4
What is the ten thousands digit of 263835?
6
What is the thousands digit of 347213?
7
What is the hundreds digit of 873050?
0
Wh